rs of c?
3, 5
Suppose -91*r + 85*r = -3246. What are the prime factors of r?
541
Suppose -10*g + 7*g + 609 = 0. List the prime factors of g.
7, 29
Suppose 222 = r + w, 2*w - 877 = -4*r + 17. List the prime factors of r.
3, 5
Let r = 1082 + 112. What are the prime factors of r?
2, 3, 199
Suppose s + 4*a + 36 = 2*s, 4*s = -a + 110. Suppose -5*d = s + 27. List the prime factors of 4/4 + 1 - d.
13
Suppose -5*y = -3*v - 1493, -3*y = 4*v - 277 - 642. What are the prime factors of y?
7, 43
Let c(z) = -2*z**2 + 19*z - 11. Suppose 0 = 12*h - 5*h - 56. What are the prime factors of c(h)?
13
Suppose 0 = -4*w - 5*j - 142, w - 2*j = j - 27. Suppose b - 6 - 4 = 0. Let s = b - w. What are the prime factors of s?
43
Let v(u) = -5 + 3 + 3*u**2 + 0*u**2. List the prime factors of v(3).
5
Let d = -676 - -1139. List the prime factors of d.
463
Suppose -h = 10*h - 10065. What are the prime factors of h?
3, 5, 61
What are the prime factors of 1/(-3) - (-5 + 13256/(-24))?
557
Let b(y) = 11*y - 3. Let h be b(3). Let v(u) = -4*u**3 - 22*u**2 + 10*u - 10. Let a be v(-6). Let t = a + h. List the prime factors of t.
2
Let t = -6 - -1. Let x = t - 15. Let y = -13 - x. What are the prime factors of y?
7
Suppose 2*t = 3*v - 468, -4*v + t = -3*v - 157. Let b = -86 + v. List the prime factors of b.
2, 17
Let q(s) = -6*s**2 + 5*s - 3. Let u be q(4). Let g = 30 + u. Let p = g + 72. What are the prime factors of p?
23
Let x(y) = -7*y + 16. What are the prime factors of x(-25)?
191
Suppose 5*z = 9*z - 324. Suppose -4*p - 3*o + z + 96 = 0, 2*o = 6. List the prime factors of p.
2, 3, 7
Let l(w) = w**2 - 6*w + 7. Let b be l(5). Let s be -1 + (-68)/(-8)*b. What are the prime factors of 0 + -3 + 2 + s?
3, 5
Suppose 0 = -7*k - 22*k + 18618. What are the prime factors of k?
2, 3, 107
Let x(m) = -m**3 - 7*m**2 + 3*m + 4. Let i(f) = -4*f**3 - 36*f**2 + 16*f + 21. Let t(y) = -2*i(y) + 11*x(y). List the prime factors of t(-4).
2, 5, 11
List the prime factors of ((-6)/8)/(10/(-1080)).
3
Let t = 97 + -249. Let p = 286 + t. List the prime factors of p.
2, 67
Suppose -4*j + 0*j + 3*p = 119, 5*p = -3*j - 53. Let a(n) = 2*n**2 - 21*n - 5. Let i be a(10). Let g = i - j. List the prime factors of g.
11
Let u(m) = -52*m - 81. What are the prime factors of u(-10)?
439
Let p = -25 - -28. Let k be -2 + (p - -2) + -3. Suppose -a + 1 + 2 = k. List the prime factors of a.
3
Suppose 0 = -2*y + p + 1631, 3*p = 4*y - 5*y + 805. List the prime factors of y.
2, 11, 37
Let y = 14 + 177. List the prime factors of y.
191
Let f(o) = -o**2 - o + 2. Let z be f(-5). Let w be (-425)/(-30) - 2/12. List the prime factors of w + z - 24/(-2).
2
Suppose 7*f = 6*f + 3. Suppose f*a + 4 + 41 = 2*o, 2*o = -4*a + 66. What are the prime factors of o?
3
List the prime factors of (0 - 5) + 2 + 120.
3, 13
What are the prime factors of ((-2)/(-4))/(40/6800)?
5, 17
Suppose m + 4*m + 22 = 3*f, 2*m + 12 = 2*f. Suppose 5*j - f*x - 77 = 117, -j = -5*x - 43. What are the prime factors of j?
2, 19
Let s be (2/4)/(5/(-70)). Let t(h) = -h**3 - 8*h**2 - 10*h - 6. Let d be t(s). Suppose -5*n - d = -5*u, -u + 6*u - 2*n = 15. List the prime factors of u.
3
Suppose -5*i - 201 = -2*u, -4*i = 5*u - u - 388. Let r = u + -58. What are the prime factors of r?
2, 5
Let h(f) = 3*f**3 - 3*f**2 + 4*f - 2. Let k be h(3). Let q = k - 14. List the prime factors of q.
2, 5
Let m = 8 + 19. Let c = -15 + m. Suppose -j - c = -40. List the prime factors of j.
2, 7
Suppose 3*k - 23 = -17. Let b(l) = 45*l**2 - 4*l + 4. List the prime factors of b(k).
2, 11
Suppose -w = -4*c + 2606, w = 2*c + 3*w - 1308. What are the prime factors of c?
2, 163
Let v = 114 - -121. What are the prime factors of v?
5, 47
Let w(v) = 7*v + 20. Let g be w(10). Let t = g + -53. What are the prime factors of t?
37
Suppose -4*j + v + 2035 = 0, -3*v + 1015 = 2*j - 4*v. Suppose -j = -5*a + 150. What are the prime factors of a?
2, 3, 11
Suppose -2*x = -x - u - 519, -2*u = 3*x - 1577. What are the prime factors of x?
523
Suppose 0 = -4*v - 6*m + 4*m + 16, 2*m = 2*v - 14. Suppose -3*w + 0*w = -9. What are the prime factors of (v - (w + -4))/2?
3
Let l = -2 - -1826. What are the prime factors of l?
2, 3, 19
What are the prime factors of 6/(-15) - 124/40*-124?
2, 3
Let r(w) = 3*w**3 - 28*w**2 + 13*w + 15. What are the prime factors of r(13)?
3, 227
Let v be 880/66*(-1 + 22/10). Suppose -v*o + 72 = -15*o. What are the prime factors of o?
2, 3
Let o(c) = 5*c**2 - 4*c + 12. Let f be 2/4*-1 - 182/(-52). List the prime factors of o(f).
3, 5
Let r be (70/15)/(2/(-6)). Let j be (-8)/(-28) - (-4)/r. Suppose 2*b - b - 26 = j. List the prime factors of b.
2, 13
List the prime factors of -186*(1054/(-51) - 3*-2).
2, 11, 31
What are the prime factors of ((-13951)/(-238) + (-4)/34)*20?
2, 3, 5, 13
Let v(l) = -3*l - 9. Let s = -30 + 26. Let z be v(s). Suppose 5*h - 112 = z*h. List the prime factors of h.
2, 7
Suppose -5*s + 16 = 3*j - 0, -j = 4*s - 10. Let p(a) = 15 + a**2 + 2*a**2 + 11*a - 2 - 4*a**j. What are the prime factors of p(9)?
31
Let w = 3607 - 925. List the prime factors of w.
2, 3, 149
Let f = 17 - 21. Let x be 1/(1 + f/5). Suppose 2*l - w = 91, x = -2*w + 3*w. List the prime factors of l.
2, 3
Let d = -616 + 1065. What are the prime factors of d?
449
Let a be -1 + (-4)/4 - -408. Suppose 0*h + a = 2*h. Suppose -2*v + 3*s + s = -152, -3*v + s = -h. List the prime factors of v.
2, 3, 11
Let x(o) = o**3 - 5*o**2 - 7*o + 6. Suppose 8*c = 3*c + 30. Let b be x(c). What are the prime factors of b + 17 + (10 - 13)?
2, 7
Suppose 0 = -7*d + 9*d + 76. Suppose 0 = -3*a - a - 5*c - 257, 4*c = 2*a + 122. Let v = d - a. What are the prime factors of v?
5
Suppose 4*n = 3*a - 11, 8 = -5*n - 5*a + 3. Let s be 28/(-6) + n/6. List the prime factors of 24 + (-3 - (s - -1)).
5
Suppose 2*y - 18 - 24 = 0. Let b = y + -8. Suppose b = m + 3. What are the prime factors of m?
2, 5
Suppose -9 = -5*o + s, -5*s - 1 + 14 = 4*o. Suppose 134 = o*c - 16. What are the prime factors of c?
3, 5
Let t = 44 - 36. Suppose 2*c = t, -1138 = -5*v - 0*c + 3*c. What are the prime factors of v?
2, 5, 23
Suppose -24*o = -20*o + 16. Let p(q) = 13*q + 9. Let x be p(o). Let v = 2 - x. List the prime factors of v.
3, 5
List the prime factors of (-21346)/(-8) - (-22)/(-88).
2, 23, 29
Suppose 22*o - 2*o = 20700. List the prime factors of o.
3, 5, 23
Let t(d) = -4*d**3 - 21*d**2 - 14*d - 14. List the prime factors of t(-10).
2, 1013
Suppose 0 = 3*l - 6219 + 1629. What are the prime factors of l?
2, 3, 5, 17
Suppose u - 2*d = 108, -5*u + 4*d + 528 = -0*d. List the prime factors of u.
2, 13
Let n be 20/140 + 58/(-14). List the prime factors of (-11 + 5)/(3 + n).
2, 3
Suppose 7*y - 275 = 2*y. Let d be 210/y - 4/(-22). Suppose 0 = 4*f - d*g + g - 28, -5*g = -2*f. What are the prime factors of f?
2, 5
Suppose -t = -4*w + 3*t + 256, 5*t = 3*w - 200. Let n = -33 + w. What are the prime factors of n?
3
Let j = -11 - -171. Suppose 0 = 4*o - 4*x - j, -o - x + 47 - 7 = 0. What are the prime factors of (o/25)/((-6)/(-105))?
2, 7
Let h(z) = -3*z + 4. Let t(f) = -f - 1. Let b(d) = h(d) - 2*t(d). Let s be b(-5). Suppose -10*k - 32 = -s*k. List the prime factors of k.
2
Let r be ((-179)/(-4) + 2/8)/1. Let l = r + 49. List the prime factors of l.
2, 47
Let i(s) = -7*s**3 + 2*s + 1. Let v be i(-1). Let c be (v/9 - 0)*3. Suppose c*n - 105 = -n. What are the prime factors of n?
5, 7
Suppose -5*a + 936 = 4*v, -4*a + 6*v + 720 = 2*v. Let p be a - 0*(-3)/12. Suppose -3*x + 7*x = p. List the prime factors of x.
2, 23
Let h be -12*(24/9 + -3). Suppose -h*s + 2*q = -s - 302, 4*q = -4*s + 436. What are the prime factors of s?
2, 13
Suppose -162 = -z - 6. Suppose 0 = -x + w + z, -5*w - 575 - 54 = -4*x. What are the prime factors of x?
151
Let c = 26 + -17. Suppose 0 = -17*h + c*h + 40. List the prime factors of h.
5
Suppose 5*g + 50 = 3*i + 147, -4*g + 2*i + 76 = 0. Suppose 123 = g*b - 14*b. List the prime factors of b.
41
Let y = -75 - -79. Suppose 7*l - 489 = y*l. What are the prime factors of l?
163
Suppose 0 = 32*p - 19*p - 11869. List the prime factors of p.
11, 83
Let q(n) = -n - 19. Suppose 9*x - 6*x = 33. Let w(c) = -2*c - 57. Let p(h) = x*q(h) - 4*w(h). What are the prime factors of p(-13)?
2, 29
What are the prime factors of 56 + (-4)/(-3 - (-4 + 2))?
2, 3, 5
Suppos